0037.
49
What is the highest common divisor of 17751647 and 328?
41
What is the highest common factor of 652864 and 19437248?
6464
Calculate the highest common divisor of 25912318 and 127.
127
Calculate the greatest common factor of 67760 and 51667.
847
Calculate the greatest common factor of 19136 and 521410.
46
Calculate the greatest common factor of 173850 and 21106.
122
What is the highest common factor of 1261 and 653783?
13
Calculate the greatest common factor of 9426 and 14410783.
1571
Calculate the highest common factor of 1122534 and 47082.
2478
Calculate the highest common factor of 34016 and 3568.
16
What is the greatest common factor of 886 and 2037850502?
886
What is the greatest common divisor of 236268533 and 17?
17
Calculate the greatest common divisor of 920 and 14797740.
460
What is the highest common factor of 467539 and 11288?
83
What is the greatest common divisor of 3 and 8332161?
3
Calculate the greatest common divisor of 153 and 76752246.
51
What is the highest common divisor of 14008737 and 3123?
1041
What is the highest common factor of 2929 and 380567899?
2929
What is the greatest common divisor of 8624 and 405832504?
4312
Calculate the highest common factor of 38677 and 29.
1
Calculate the highest common factor of 9 and 57190761.
9
What is the highest common divisor of 1235275 and 125?
25
What is the greatest common divisor of 5236 and 8991521?
1309
Calculate the highest common divisor of 348 and 1088979.
87
Calculate the highest common divisor of 154 and 52420962.
22
Calculate the greatest common factor of 17020670 and 90.
10
What is the greatest common factor of 380538 and 4632?
6
What is the greatest common divisor of 82 and 28667692?
82
What is the highest common divisor of 11732 and 13384?
28
What is the greatest common divisor of 10814843 and 143?
13
Calculate the greatest common divisor of 31239616 and 64.
64
Calculate the highest common divisor of 26080449 and 999.
111
Calculate the greatest common divisor of 4878850 and 175.
25
What is the highest common divisor of 219208 and 286624?
424
Calculate the greatest common factor of 16 and 281672768.
16
What is the greatest common divisor of 404518 and 31354?
514
Calculate the greatest common factor of 86973810 and 120.
30
What is the greatest common divisor of 1627578 and 30438?
342
What is the greatest common factor of 280 and 23282784?
56
Calculate the highest common divisor of 5923449 and 15252.
93
Calculate the greatest common factor of 1235 and 927251.
13
Calculate the greatest common divisor of 2490685 and 2065.
295
What is the greatest common divisor of 137082 and 1395372?
2046
What is the highest common factor of 180622652 and 2492?
2492
Calculate the highest common factor of 1990 and 10536055.
995
What is the highest common factor of 6136 and 2931896?
8
What is the highest common divisor of 162081 and 85608?
261
Calculate the highest common divisor of 2862680 and 27730.
590
What is the greatest common divisor of 1411738038 and 68?
34
What is the highest common divisor of 1031494 and 279?
31
What is the greatest common factor of 98711297 and 3986?
1993
What is the greatest common factor of 119532396 and 12?
12
Calculate the greatest common factor of 115456357 and 586.
293
What is the highest common divisor of 25409088 and 2480?
496
Calculate the highest common factor of 461841 and 24.
3
What is the highest common divisor of 44 and 7263476?
44
Calculate the greatest common factor of 48 and 1652916.
12
What is the greatest common factor of 882 and 4361000?
98
Calculate the greatest common factor of 17 and 979457.
1
Calculate the highest common divisor of 2016 and 19573440.
96
Calculate the greatest common factor of 1291 and 1261.
1
Calculate the highest common factor of 4714875 and 130302.
3429
Calculate the greatest common divisor of 132408 and 528.
24
What is the greatest common divisor of 9 and 11487906?
9
What is the highest common factor of 7061810 and 210?
70
Calculate the highest common divisor of 1474982693 and 79.
79
What is the greatest common factor of 88892500 and 155?
155
What is the highest common factor of 522389 and 511?
7
Calculate the highest common factor of 109323 and 375718857.
12147
What is the greatest common factor of 32143081 and 2041?
157
What is the highest common factor of 37095 and 120?
15
What is the greatest common factor of 21645 and 93647?
37
What is the highest common divisor of 1491 and 1632715077?
1491
What is the greatest common divisor of 5115780 and 78279?
291
What is the highest common factor of 933980 and 4220?
20
What is the highest common factor of 12387038 and 2726?
94
Calculate the highest common divisor of 12118346 and 530874.
6554
What is the greatest common divisor of 14 and 87934882?
14
Calculate the greatest common factor of 32497683 and 42.
3
Calculate the highest common factor of 24561446 and 1483.
1483
What is the highest common factor of 693675 and 39735?
45
Calculate the greatest common factor of 375 and 395277.
3
What is the greatest common divisor of 7088 and 22627554?
886
Calculate the highest common divisor of 570 and 129576.
6
What is the greatest common factor of 4852680 and 270?
30
Calculate the greatest common factor of 9725292 and 7956.
612
What is the highest common divisor of 4005165 and 75?
15
Calculate the greatest common factor of 318618090 and 10584.
2646
Calculate the highest common divisor of 921165 and 798.
21
Calculate the highest common divisor of 7020076 and 409.
409
What is the highest common factor of 954263 and 2?
1
What is the highest common factor of 580 and 12906508?
116
What is the highest common divisor of 325782438 and 1644?
822
What is the greatest common factor of 4768148 and 1606?
22
What is the greatest common factor of 2419150 and 30950?
50
What is the highest common factor of 2832 and 42833823?
177
What is the highest common divisor of 22249 and 22192?
19
What is the highest common factor of 128807 and 43421?
7
Calculate the greatest common divisor of 816591 and 53619.
879
Calculate the greatest common divisor of 4713346 and 506.
22
What is the highest common factor of 285327 and 8676270?
5823
What is the highest common factor of 73979 and 17835?
29
Calculate the highest common divisor of 106475 and 13025.
25
What is the greatest common factor of 376763 and 112539?
23
Calculate the greatest common factor of 3747230 and 233630.
610
What is the highest common divisor of 1202962 and 13939?
263
Calculate the greatest common divisor of 4511118 and 12.
6
Calculate the greatest common divisor of 166815 and 45540.
495
What is the highest common divisor of 4366988 and 848?
212
Calculate the highest common divisor of 717 and 890560605.
717
What is the greatest common factor of 36765 and 1353465?
855
What is the highest common divisor of 12415 and 247390?
65
What is the highest common divisor of 4608 and 908568?
72
Calculate the greatest common factor of 8 and 4619176.
8
What is the greatest common divisor of 3330 and 398812122?
666
What is the highest common divisor of 18193008 and 30128?
4304
What is the highest common factor of 6273102 and 8976?
1122
What is the highest common factor of 176466710 and 210?
70
Calculate the highest common factor of 26609162 and 2.
2
Calculate the highest common divisor of 3096 and 2129016.
1032
Calculate the greatest common divisor of 103589888 and 36864.
2048
Calculate the highest common factor of 10315645 and 5.
5
Calculate the highest common divisor of 19234 and 3387466.
326
Calculate the highest common factor of 27569392 and 88992.
1648
Calculate the greatest common divisor of 9042 and 141306.
66
What is the highest common divisor of 17309919 and 24321?
2211
What is the greatest common divisor of 12576 and 136371?
393
What is the highest common factor of 158776 and 833128?
1784
What is the greatest common divisor of 350708807 and 23?
23
Calculate the greatest common factor of 561808 and 186004.
3796
Calculate the highest common divisor of 43929993 and 24069.
339
What is the highest common divisor of 149875 and 242198?
1199
Calculate the greatest common factor of 79515 and 10998720.
2565
What is the highest common factor of 1831842 and 4368?
6
What is the greatest common divisor of 1801668 and 28?
4
Calculate the highest common factor 